20. Let j(x) = w*n(x) - 11*v(x). Calculate j(-2).
-3
Let d(c) = 7*c - 46 + 144 - 66 - 1. What is d(-14)?
-67
Let c(y) = 3*y - 11. Let p be c(-10). Let u = p + 50. Let i be (u - -3)*2/4. Let v(m) = -2*m + 5. Calculate v(i).
-7
Let z be (-119)/(-7) + -6*(-2)/(-4). Let l(g) = -9*g**2 - g + z + 36*g**2 - 13*g**2 - 13*g**2. What is l(0)?
14
Let w be 4/(-32) + 0 + (-14786)/(-16). Let v be w/(-78) - 2/13. Let x(o) = o**3 + 11*o**2 - 13*o - 9. Give x(v).
3
Let v(t) = t**3 + 6*t**2 + t - 7. Let d(a) = a**3 + a**2 + 4*a + 1. Let p be d(4). Let s = -102 + p. Calculate v(s).
13
Let a(h) = 2*h**2 + 10*h - 9 + 5*h**2 - h**3 - 1. Suppose -2*v + 80 - 76 = 2*x, -2*v + x = -22. Determine a(v).
6
Let q(s) = -254 - 203 + 451 - 6*s - 2*s**2. What is q(0)?
-6
Let a(c) = c + 6. Let h = -79 + 55. Let w = 4 + -21. Let x = h - w. Determine a(x).
-1
Suppose 92 = -3*y - 5*r - 63, 0 = y - 5*r + 65. Let b = 57 + y. Let o be -3 - (-5)/b*30/25. Let g(t) = t**3 + t**2 + t - 4. What is g(o)?
-4
Let d(h) = 2 - 1 + 8 - 6 + 5*h**2 - h**3. Let q(n) = -19*n**2 - 119*n - 26. Let y be q(-6). Determine d(y).
19
Let d(a) = -a**2 + 3*a + 2. Let u = -59 - -63. Let t be 1 - (u - 8)*50/8. Let n be (-36)/27 + t/6. Determine d(n).
2
Let m(z) be the third derivative of 4*z**2 + 1/6*z**4 + 9*z + 0 + 1/3*z**3. What is m(3)?
14
Let f(d) = -2*d**2 + 8*d**2 + 7 + 22*d**2 - 28*d**2 - d**2. Let x(g) = -3 - 6*g + 4 + g**2 + 4. Let m be x(5). What is f(m)?
7
Let y(n) = -6*n**3 + 24*n**2 + 9. Let i(u) = u**3 - 5*u**2 - 2. Let t(w) = 11*i(w) + 2*y(w). Suppose 20*d = -9 - 131. Give t(d).
-4
Let v be (48/40)/((-4)/(-10)). Suppose -v*x = 4*i, -4*i + x - 4 = 5*x. Let z(o) = 4199*o**2 - 3*o - 4198*o**2 + 4 - 6. Calculate z(i).
-2
Let p(s) be the second derivative of s**4/12 + s**3/2 + 4*s**2 - 2552*s. Calculate p(-6).
26
Let t(k) = -65 - 5*k - 39 - 5*k + 88. Determine t(-9).
74
Let l(u) = -2*u**3 - 74*u**2 - 75*u - 113. Let m be l(-36). Let c(t) = t**3 + 3*t**2 - 11*t - 7. Determine c(m).
-2
Let f be (-8)/((-75)/(-10) + -8) + 0. Let t(n) = -6 + 15*n**2 + 7*n**3 - 11*n**3 + 16*n + 3*n**3. What is t(f)?
-6
Let n(v) = 3*v - 3. Suppose -2*i = -11*i + 36. Suppose -x = -i*o - 16, 5*x - 89 = -4*o + 15. Suppose x*l + 10 = 18*l. What is n(l)?
-18
Let b(z) = 15*z**2 + 14*z - 22. Let n(c) = -5*c**2 - 3*c + 7. Let a(h) = 2*b(h) + 7*n(h). What is a(-1)?
-7
Suppose 5*d = 66 - 681. Let s = d + 121. Let z(j) = 18*j. What is z(s)?
-36
Let g = -30 + -21. Let s(n) = -n**2 + 13*n + 28. Let z be s(11). Let t = z + g. Let b(m) = -4*m**2 - 1. Determine b(t).
-5
Let n(i) be the second derivative of i**3/6 - 2*i**2 + 9*i + 86. Suppose 11 = -2*p - 19. Let u = p - -15. Calculate n(u).
-4
Suppose -34*w = -28*w - 66. Let k be 38/6 + ((-220)/15)/w. Let l(t) = -t**2 + 4*t - 3. Calculate l(k).
-8
Let q(n) = -2*n**3 - 25*n**2 - 11*n + 13. Let w be 208/13 + -34 + 6. What is q(w)?
1
Let n(c) be the third derivative of -17/6*c**3 + 1/5*c**5 + 0 + 1/120*c**6 + 60*c**2 - 1/24*c**4 + 2*c. Calculate n(-12).
-5
Let q(r) = 3*r**2 + 3*r + 2. Let c be 4/(35 - 39)*(-1 + 6). Give q(c).
62
Let d(u) = u - 25. Let v(j) be the second derivative of -3*j**2/2 - 18*j + 3. Let i(p) = d(p) - 5*v(p). Give i(-7).
-17
Let z(i) = 6*i - 1. Suppose 7*o + o = 32. Suppose -o*r + 225 = 41. Let q = r - 47. What is z(q)?
-7
Let l(g) = -18*g + 1. Let c(n) = 5*n. Let w(i) = -7*c(i) - 2*l(i). Let k = -13 + 6. Let p = k - -10. Give w(p).
1
Let b(d) = 2*d + 58. Let l(w) = -w**2 - 11*w + 543. Let o be l(-30). What is b(o)?
4
Let y(m) = 106*m - 196*m - 270 + 123*m. What is y(8)?
-6
Let o(c) = c**3 - 2*c**2 - 3*c + 7. Let r be 96 - (7 - (4 + 5)). Suppose 35 = -21*v + r. Calculate o(v).
7
Let p(x) = 0*x + 2*x + 0*x - 2. Suppose -1035*l + 247*l = -1732 - 2208. Calculate p(l).
8
Let a = 220 - 127. Let h = a + -101. Let p(f) = f**2 + 10*f + 4. Determine p(h).
-12
Let w = -3060 + 3041. Let z(v) = -v**3 - 19*v**2 - v - 23. Give z(w).
-4
Let m(c) = 4*c**2 + 47*c + 44. Let g(r) = -r**2 - 15*r - 12. Let u(a) = 10*g(a) + 3*m(a). Determine u(4).
8
Let l(i) be the second derivative of 17*i**4/4 - i**2/2 - i + 1063. What is l(-1)?
50
Let g(c) = c**2 - c - 4. Let r be g(3). Let n be -10 + 50 + 0 + 6/3. Suppose 5*o + n = -r*o. Let a(q) = -q**2 - 6*q. Calculate a(o).
0
Let q be -1 - (31/(-124) - (-11)/(-4)). Let r(z) be the first derivative of -z**4/4 + z**3/3 + 2*z**2 - 3*z + 17. Calculate r(q).
1
Let c(v) = 55285 + v - 55285. Let s(w) = w**3 + 7*w**2 - 4*w + 8. Let b = 2 + -1. Let o(n) = b*s(n) + 4*c(n). What is o(-7)?
8
Let o(x) = 55*x - 7. Let t(g) = -4*g - 15. Let j be t(-6). Let b(q) = 28*q - 3. Let s(f) = j*b(f) - 4*o(f). Give s(-1).
-31
Let h(p) = -40*p**2 + 11*p - 4*p**2 + 4 + 45*p**2. Give h(-9).
-14
Let n(i) = -i**2 - 5*i + 2. Let x(y) = 2*y**2 - 14*y + 40. Let j be x(5). Suppose -j = 5*q + 2*b, 6*q - 3*q + 12 = 2*b. Give n(q).
6
Suppose -434 = 20*j + 366. Let l be (j/(-25))/((-12)/(-15) + -1). Let p(k) = -k**2 - 9*k - 4. Give p(l).
4
Let j(g) be the second derivative of g**5/20 - g**4/6 + 8*g**3/3 - 29*g**2/2 + 18*g + 64. Give j(2).
3
Let t(p) be the third derivative of -p**6/120 + 11*p**5/30 - 3*p**4/4 - 17*p**3/2 - 16*p**2 + 2. What is t(21)?
12
Let p(f) = f**3 - 16*f**2 + 44*f + 95. Let a be p(11). Let i(m) = m**2 + 22*m - 97. Determine i(a).
7
Let w be 164/8 - (-5)/(-10). Suppose w = 3*j + 2. Let r(x) be the third derivative of x**5/60 - x**4/3 - 5*x**3/6 - 6*x**2. What is r(j)?
-17
Let g = -167 - -164. Let i be 3 + 0/((-3)/(9/g)). Let l(v) = -v**2 - v - 1. Let b(n) = -4*n**2 - 7*n - 8. Let h(s) = b(s) - 5*l(s). Determine h(i).
0
Suppose -4*w - 5*v + 0 = -9, -w - 4*v = 6. Let z(c) = -c**2 + 1050 - c**3 + 7*c**2 - 5*c - 1054 + c**2. Give z(w).
2
Let x(h) be the third derivative of -h**5/60 + 5*h**4/24 + 77*h**3/6 + 26*h**2 + 11*h. Determine x(-7).
-7
Let b(n) = n + 3. Let m(z) = -z + 2. Let x(k) = 3*b(k) - 2*m(k). Let v(a) = -a - 5. Let y be v(4). Let r = -14 - y. What is x(r)?
-20
Let m(v) be the third derivative of 4*v**2 + 10/3*v**3 + 0 + 1/12*v**4 + 0*v. Give m(-10).
0
Let t(p) = p**2 - 5*p + 5. Let z be (537/6 - -1)*(-3 + 1). Let i = -179 - z. What is t(i)?
-1
Let u(l) = l**3 + l**2 - 4*l - 1. Let k(p) = 2*p**3 + p**2 - 8*p - 1. Let m(r) = -4*k(r) + 7*u(r). Let h(i) = 2*i**2 + 24*i - 53. Let d be h(2). Determine m(d).
9
Let u be (-48)/120 - (18/(-150))/(2/(-10)). Let w(x) = 20*x**2 - 5*x - 4. What is w(u)?
21
Let o(w) = -7*w + 62. Let b(m) = -2*m + 15. Let x(z) = -9*b(z) + 2*o(z). Determine x(5).
9
Let h(w) = w**3 - 4*w**2 + 3*w + 3. Suppose -9 = -4*b + o, -6*b - o = -12*b + 17. Determine h(b).
15
Let w(o) = -o + 1. Let d be (-7 - -4*3/(-12))/(-2). Suppose d*j = 5*g + 18 + 7, 4*j = 2*g + 10. Let a be (-1)/2*j - (-10)/5. What is w(a)?
-1
Let p(r) = 11*r + 4. Let n(u) = 2*u + 1. Let l(o) = 6*n(o) - p(o). Let w(a) = 20*a + 38. Let t(h) = 36*l(h) - 2*w(h). Give t(-2).
4
Let b(n) be the second derivative of n**5/20 - n**4/2 - n**3/6 - n**2 + 2*n - 359. What is b(6)?
-8
Let x(f) = -f**3 - 7*f**2 - 4*f + 14. Let s be (3/9)/(4/(-72)). Let p be x(s). Let d(h) = 2510*h + 1 - h**2 - 2510*h. Calculate d(p).
-3
Let r(j) = 3*j**2 - 487 - 2*j**2 + 460 + 10*j. Let d be r(-12). Let l(k) = -2*k - 7. Calculate l(d).
-1
Let i be -6 + 260/(-312) + (-56)/(-6). Let x(g) be the second derivative of -i*g**2 + 0 - 1/6*g**3 - 7*g. What is x(-4)?
-1
Let g = -2 + 4. Let b(t) = 5018*t + 32. Let c(z) = -2091*z - 13. Let k(d) = -5*b(d) - 12*c(d). Calculate k(g).
0
Let z(k) = 29*k**3 - 58*k**2 - 6*k + 15. Let n be z(2). Let y(s) = -2*s**3 + s**2 + 5*s - 4. Determine y(n).
-34
Let o(g) be the third derivative of g**6/120 + 3*g**5/20 - 3*g**4/4 - 12*g**3 + 413*g**2. Determine o(-10).
8
Let u(i) = -6*i**2 + 5*i - 6. Let y be (24/9)/(6 - (-3 - (-46)/6)). Calculate u(y).
-20
Let v(d) = -d**3 + 2*d**2 - 4*d + 2. Let y(j) = -21*j + 56. Let r be y(3). Let i(m) = -m**2 - 10*m - 19. Let f be i(r). Calculate v(f).
-6
Let p(l) = 2*l - 5. Let j(o) = -4*o + 12. Let z be j(4). Let x be 1*(2 + -1 + z). Let m(v) = v - 3. Let n(s) = x*p(s) + 5*m(s). What is n(8)?
-8
Let a(k) = k + 3. Let c(t) = -14*t + 1. Let s(v) = 9*v - 1. Let q(y) = -5*c(y) - 7*s(y). Let m(i) = a(i) - q(i). Give m(5).
-29
Let b be (24/(-28))/(2/(-14) - 0). Let h be 4*5/(-120) - 35/b. Let y(c) = c**3 + 6*c**2 - 5*c - 6. What is y(h)?
24
Let k(z) = 97*z 